 = 3*q + k - 5, 3*k + 3 = 3*q. Give g(q).
-32
Let s(h) = h**2 - 5*h + 11. Let q be s(4). Let n(j) = 9*j - 2 - 14*j**2 + 0 + 13*j**2 - 2. Give n(q).
10
Let m be (-42)/(-10) + (-17)/85. Let w(j) be the second derivative of 0 + 9*j + j**3 - 1/12*j**4 - j**2. Calculate w(m).
6
Let a(o) be the first derivative of o**3/3 + 2*o**2 - 14*o + 2983. What is a(6)?
46
Let c(r) = -r**3 - 8*r**2 - 10*r + 16. Let o be (2/9)/((-48)/(-108)) + 39/(-6). Give c(o).
4
Suppose 4*w + 34 + 38 = 0. Let d = w + 24. Let l(k) = -k - 10*k + 1 + 9*k + 6. Give l(d).
-5
Let v(g) = -8781*g**2 - 6*g + 8776*g**2 - 4*g + 5 + 6*g. Calculate v(2).
-23
Let s(j) = 6*j**2 + 4 - 7*j**2 - 6 - 3*j**3. Suppose 6 = 8*t - 11*t. Determine s(t).
18
Let h(o) be the third derivative of -o**4/24 + 3*o**3/2 - 2911*o**2. Let r be -4*(-1)/8*-10. Determine h(r).
14
Suppose 0 = -0*j - 5*j - 35. Let d(u) be the third derivative of -u**4/24 - 13*u**3/6 + 20371*u**2. Calculate d(j).
-6
Let b(d) be the second derivative of 5/4*d**4 + 0 + 11/2*d**2 - 5/6*d**3 - 22*d. Let a(f) = -3*f**2 + f - 2. Let t(u) = -11*a(u) - 2*b(u). What is t(1)?
2
Let z(p) = -18*p - 19*p + 34*p - 8. Let j(r) = -r**3 - 16*r**2 + 35*r - 23. Let l be j(-18). Give z(l).
7
Let p be ((-28)/(-4))/(-4*4/(-16)). Suppose 12 = -p*x + 82. Let f(k) = -k + 3. Determine f(x).
-7
Let b(f) be the first derivative of 1/4*f**4 - 55 + 5*f - f**3 - 3/2*f**2. What is b(4)?
9
Let q(r) be the first derivative of 37*r + 4*r**2 - 56*r + 19*r - 85. Suppose 3*g = 4*p + 6 + 11, 3*p + 15 = 0. What is q(g)?
-8
Let s(c) = 67*c + 1814. Let f be s(-27). Let j(q) = q**2 + 2*q - 9. What is j(f)?
26
Let u(v) = -3 - 199*v + 10 + 200*v. Let h be u(-7). Suppose -2*b + 7*b + 20 = h. Let n(q) = q**2 + 3*q + 3. Calculate n(b).
7
Let l(z) be the third derivative of 5*z**4/24 - z**3/2 - 424*z**2. Let w = -32 + 34. Give l(w).
7
Let y(a) = -a - 14. Suppose -167*v - 48 = -1718. Give y(v).
-24
Let x = 5511 + -5511. Let g(k) = k**2 + 3*k + 15. What is g(x)?
15
Let x(y) = -4*y - 7. Suppose v = b - 4, 38*b + 8 = 41*b - v. Calculate x(b).
-15
Let c(u) = u**2 + 9*u + 6. Let b = -7176 - -7161. Calculate c(b).
96
Let l(o) be the third derivative of -o**5/60 - o**4/4 - 7*o**3/6 + 5*o**2 - 1. What is l(-7)?
-14
Let p(g) = g. Suppose 0 = -4*y + 2*j - 32, 9 = -2*y + 4*j - 1. Let c(s) = 3*s + 2. Let o be c(y). Let z be 23 + o - (0/2 - -2). Determine p(z).
-4
Let a = 5 + -3. Let i(d) be the second derivative of d**5/10 - d**4/4 + d**3/6 + d**2/2 + 67*d - 8. Calculate i(a).
7
Let z(n) = 5*n + 1 - 3*n**2 - 21*n + 15*n - 4387*n**3 + 4430*n**3. Determine z(-1).
-44
Let k(c) = c**3 - 3*c**2 + 6*c. Let f(s) = -s**3 - 75*s**2 + 319*s + 241. Let p be f(-79). What is k(p)?
40
Let r(h) = -55 - 57 - 64 - 2*h + 176. Let w be -1 - (-1 + 2) - -6. Let b be 2*(-2)/w - 0. Give r(b).
2
Let n(h) = h**2 - h + 1. Let l be ((-3)/(-9))/(1/(-12)). Let w be (-4)/((l + 3)*2). Let b(y) = 3*y**2 - 2*y. Let m(q) = w*n(q) - b(q). Determine m(0).
2
Let x(j) = -13*j - 130. Let b(h) = -18*h - 186. Let y(n) = 5*b(n) - 7*x(n). Give y(22).
2
Let g(n) = -n - 21. Let v(p) = -p**2 + 17*p - 57. Let q be v(5). Suppose -h + 31 + 13 = -q*m, m - 4*h = -11. Calculate g(m).
-6
Let i(h) = -6 + h + 0 - 1 + 1. Let f(y) = 5*y + 40. Let o be f(0). Suppose 3*v + 5*j - 11 = 3*j, -5*v + j + o = 0. Calculate i(v).
1
Let v(q) = q**3 - 6*q**2 - 8*q + 7. Let j(b) = 2*b + 6. Let i be j(7). Let f(a) = -11*a + 79. Let k be f(6). Let y = i - k. Give v(y).
0
Suppose 5*z = 27*s - 30*s + 26, -10 = 3*s - 4*z. Let m(p) = -p**3 + 4*p**2 - 9*p + 12. Calculate m(s).
2
Let z(j) be the second derivative of j**3/6 + 5*j**2 - 3*j. Let h = -56440 - -56435. Give z(h).
5
Let v(t) = -5*t**2 + 7. Suppose 5*w - 9 = -4*x, -2*x + 11 = 2*w + 9. Calculate v(w).
-118
Let t = -4827 + 4820. Let m(n) = n**3 + 6*n**2 - 8*n + 2. Determine m(t).
9
Suppose -n - 6 = -1, 2*i = 3*n + 21. Suppose 2*u = -3*l + u + 26, 4*l - 43 = -i*u. Suppose 4*h + l = 3. Let k(o) = -7*o**2 - 1. Calculate k(h).
-8
Suppose 0 = -20*h + 30*h - 60. Suppose 2*r + 1 = 4*m + 5, r = -3*m + 2. Let p(x) = 0 + x - 1 + m*x. Determine p(h).
5
Let h(j) = 46*j**2 - 1. Let u be ((-11 - -23) + -13)/1. Determine h(u).
45
Let l = -148 + 137. Let g be l/(-11) - -3*(-4)/3. Let p(x) = x + 2. Give p(g).
-1
Let p = 25 + -24. Let v(i) = 9 - i - p - 3 + 2. Suppose 5*d = 2*z, -3*z + 5*d + 2 = -3. Give v(z).
2
Let x(o) = -o**3 + 8*o**2 + 9*o + 4. Suppose 2*k = 5*h - 53, 3*h - 39 + 8 = k. Let l be x(h). Let a(w) = -4*w + 1. Calculate a(l).
-15
Suppose -6*c = -c - 7355. Let m(k) = 734*k - 3 - c*k + 732*k. Determine m(-2).
7
Let m(z) be the second derivative of 9*z**5/20 + z**4/12 + z**3/6 + z**2/2 - z. Suppose 3*l + 5*p = -14 + 26, 13 = -l + 4*p. Give m(l).
-8
Let t(p) be the second derivative of -p**3/6 + 10*p**2 + 1183*p. Give t(10).
10
Let i(f) = -10*f**2 - 6*f - 9. Let u(g) = -7*g**2 - 4*g - 6. Let r(b) = 5*i(b) - 7*u(b). Let v = -800 - -796. Calculate r(v).
-11
Let t(x) = 8*x - 1. Let h(q) = -58*q + 26. Let c(f) = -2*h(f) - 14*t(f). What is c(7)?
-10
Let n(h) be the third derivative of h**6/120 - h**5/60 - h**4/4 + 5*h**3/6 + 3*h**2 + 203. Determine n(3).
5
Let x(j) = 7*j + 4*j**3 - 6*j**2 + 4*j**3 - 9*j**3 - 5. Let b(n) = -21*n + 6. Let d be b(-1). Let u be ((-14)/6)/(d/81). What is x(u)?
-5
Let y(n) be the second derivative of -n**4/6 - 2*n**3/3 - n**2/2 + 1856*n. Suppose -l - 2*l - 15 = 5*v, -5*v = 2*l + 15. Give y(v).
-7
Let a(l) = l**2 + 6*l. Let y(j) = 14*j - 1. Let d(t) = -17*t + 4. Let r(o) = -4*d(o) - 5*y(o). Let i be r(-3). Give a(i).
-5
Suppose 3*d - 6*d + 18 = 0. Suppose -3*b + 6 = g, -d*g + 3*g - 5*b = -18. Let i(k) = 3*k. Give i(g).
18
Let f(h) = -11*h**2 + 16*h. Let t = 142 + -140. Let r(k) = 44*k**2 - 70*k - 1. Let g(w) = t*r(w) + 9*f(w). What is g(2)?
-38
Let i(p) = p**2 + 36*p - 135. Let h be i(4). Let y(j) be the first derivative of 0*j**3 - 3/2*j**4 + 0*j - h + 1/2*j**2. What is y(-1)?
5
Let v(w) = -49*w - 957. Let d(r) = -18*r - 359. Let q(s) = -21*d(s) + 8*v(s). Give q(-8).
-5
Let l(y) = 185*y - 6662. Let d be l(36). Let t(f) = -f**3 - 5*f**2 - 10*f - 7. What is t(d)?
1
Suppose 0 = -11*g + 5*z + 115, -g - 10*z + 5 = -5*z. Let f(o) be the first derivative of o**4/4 - 10*o**3/3 - o**2/2 + 6*o + 3. What is f(g)?
-4
Suppose 0 = -322*l - 0*l - 1858 + 7332. Let i(q) = 5*q - 43. Calculate i(l).
42
Let f(d) = 178*d**2 + 13*d. Let a(v) = -219*v**2 - 16*v. Let m(q) = -4*a(q) - 5*f(q). Suppose -2*h - 2 = 10. Let c = 5 + h. Give m(c).
-13
Let z(d) = -2*d**3 + d**2 + 48. Suppose 4*m + 8 = -2*j, -16*j = -18*j + 4*m + 8. Give z(j).
48
Let y(g) = 8*g**2 + 33*g. Let z(c) = c**2 + 5*c + 1. Let s(b) = -y(b) + 7*z(b). Let l(o) = -o**2 + 4*o + 5. Let h be l(4). Give s(h).
-8
Let s(p) be the third derivative of 7*p**4/4 + 40*p**3/3 + 29*p**2 - 2. Let x be s(-2). Let g(q) = -q - 5. Determine g(x).
-1
Suppose 0 = 4*t - t + 4*v - 11, -4*t - 5*v = -15. Let y(u) = -6*u + 6. Determine y(t).
-24
Let b(s) be the second derivative of s**4/3 - 8*s**3/3 - 9*s**2 + 132*s. Let f(j) = -j**2 + j + 4. Let r(d) = b(d) + 5*f(d). Determine r(-10).
12
Let p be (3 + -5 - -1) + -5. Let v be ((-105)/(-70))/(p/(-4)). Let j(f) = 4*f**2 - 2*f + 1. Give j(v).
3
Let t be (-1 + (-4)/(-24)*2)*-9. Let v(i) = 40*i - 174*i + 131*i + 7 + i**2. Determine v(t).
25
Suppose 280*u = 197*u + 166. Let m(z) be the first derivative of 0*z + 9/2*z**u - 16. What is m(1)?
9
Let x be ((-2)/(-6) + 8/(-6))*-9697. Let d(i) = i**2 - 9697*i + 2 + x*i. What is d(-3)?
11
Let a(n) = -8*n + 1. Let u be a(-4). Let v = -336 + 339. Suppose -3*r = -0*r - 3*m + u, -3*r - v*m = 9. Let s(o) = 3*o + 9. Give s(r).
-12
Let a(t) = -t + 3. Let b be a(-5). Suppose -23*y = 3*m - 26*y - 21, 0 = -4*m - 2*y + 10. Let q(h) = -m + 10*h - 19*h + b*h. Calculate q(-3).
-1
Let t(x) = -x**3 - 5*x**2 - 5*x - 1. Suppose 15 = -9*j + 14*j. Suppose -j*a - 12 = 3*b, b + 4*a = -8 + 1. Let v be b + (4/1 - 5). Determine t(v).
3
Let c(n) be the first derivative of -2*n - 60 - 5/2*n**2. What is c(2)?
-12
Let s be (-874)/(-6) - 140/(-105). Let p(c) = -87*c - 1 - 1 - 76*c + s*c. Determine p(-2).
30
Let m(b) be the first derivative of -13*b**2/2 - 90*b - 2. Give m(-7).
1
Let m(s) be the second derivative of s**5/20 - 11*s**4/6 + 20*s**3/3 - 22*s**2 - 12*s + 245. Determine m(20).
-44
Let k(u) be the first derivativ